{"id":517,"date":"2025-12-29T13:15:15","date_gmt":"2025-12-29T12:15:15","guid":{"rendered":"https:\/\/quatripro.pl\/?page_id=517"},"modified":"2026-01-21T19:21:44","modified_gmt":"2026-01-21T18:21:44","slug":"rozbiorki-i-przygotowanie-terenu","status":"publish","type":"page","link":"https:\/\/quatripro.pl\/?page_id=517","title":{"rendered":"Rozbi\u00f3rki i przygotowanie terenu"},"content":{"rendered":"\t\t<div data-elementor-type=\"wp-page\" data-elementor-id=\"517\" class=\"elementor elementor-517\">\n\t\t\t\t<div class=\"elementor-element elementor-element-4362dd5 e-flex e-con-boxed e-con e-parent\" data-id=\"4362dd5\" data-element_type=\"container\" data-e-type=\"container\">\n\t\t\t\t\t<div class=\"e-con-inner\">\n\t\t\t\t<div class=\"elementor-element elementor-element-5f19e1b elementor-widget elementor-widget-heading\" data-id=\"5f19e1b\" data-element_type=\"widget\" data-e-type=\"widget\" data-widget_type=\"heading.default\">\n\t\t\t\t\t<h2 class=\"elementor-heading-title elementor-size-default\">Rozbi\u00f3rki i przygotowanie terenu \u2013 czysta przestrze\u0144 dla nowych mo\u017cliwo\u015bci<\/h2>\t\t\t\t<\/div>\n\t\t\t\t\t<\/div>\n\t\t\t\t<\/div>\n\t\t<div class=\"elementor-element elementor-element-015c274 e-flex e-con-boxed e-con e-parent\" data-id=\"015c274\" data-element_type=\"container\" data-e-type=\"container\">\n\t\t\t\t\t<div class=\"e-con-inner\">\n\t\t\t\t<div class=\"elementor-element elementor-element-68a7d04 elementor-widget elementor-widget-image\" data-id=\"68a7d04\" data-element_type=\"widget\" data-e-type=\"widget\" data-widget_type=\"image.default\">\n\t\t\t\t\t\t\t\t\t\t\t\t\t\t\t<img fetchpriority=\"high\" decoding=\"async\" width=\"1024\" height=\"576\" src=\"https:\/\/quatripro.pl\/wp-content\/uploads\/2025\/12\/Projekt-bez-nazwy-72-1024x576.png\" class=\"attachment-large size-large wp-image-519\" alt=\"Rozbi\u00f3rki i przygotowanie terenu \u2013 czysta przestrze\u0144 dla nowych mo\u017cliwo\u015bci\" srcset=\"https:\/\/quatripro.pl\/wp-content\/uploads\/2025\/12\/Projekt-bez-nazwy-72-1024x576.png 1024w, https:\/\/quatripro.pl\/wp-content\/uploads\/2025\/12\/Projekt-bez-nazwy-72-300x169.png 300w, https:\/\/quatripro.pl\/wp-content\/uploads\/2025\/12\/Projekt-bez-nazwy-72-768x432.png 768w, https:\/\/quatripro.pl\/wp-content\/uploads\/2025\/12\/Projekt-bez-nazwy-72-1536x864.png 1536w, https:\/\/quatripro.pl\/wp-content\/uploads\/2025\/12\/Projekt-bez-nazwy-72.png 1920w\" sizes=\"(max-width: 1024px) 100vw, 1024px\" \/>\t\t\t\t\t\t\t\t\t\t\t\t\t\t\t<\/div>\n\t\t\t\t\t<\/div>\n\t\t\t\t<\/div>\n\t\t<div class=\"elementor-element elementor-element-63e238a e-flex e-con-boxed e-con e-parent\" data-id=\"63e238a\" data-element_type=\"container\" data-e-type=\"container\">\n\t\t\t\t\t<div class=\"e-con-inner\">\n\t\t\t\t<div class=\"elementor-element elementor-element-7afd044 elementor-widget elementor-widget-text-editor\" data-id=\"7afd044\" data-element_type=\"widget\" data-e-type=\"widget\" data-widget_type=\"text-editor.default\">\n\t\t\t\t\t\t\t\t\t<h3 data-start=\"605\" data-end=\"688\"><span style=\"color: #003366;\"><strong data-start=\"609\" data-end=\"688\">Zanim powstanie co\u015b nowego, trzeba zrobi\u0107 miejsce na przysz\u0142o\u015b\u0107<\/strong><\/span><\/h3><p data-start=\"690\" data-end=\"955\">Ka\u017cda inwestycja zaczyna si\u0119 od decyzji: <strong data-start=\"731\" data-end=\"779\">zburzy\u0107, oczy\u015bci\u0107, uporz\u0105dkowa\u0107, przygotowa\u0107<\/strong>.<br data-start=\"780\" data-end=\"783\" \/>Rozbi\u00f3rka to nie chaos i kurz \u2013 to <strong data-start=\"818\" data-end=\"842\">pierwszy etap budowy<\/strong>.<br data-start=\"843\" data-end=\"846\" \/>Od niej zale\u017cy, czy projekt ruszy zgodnie z planem, czy utknie w g\u0105szczu problem\u00f3w technicznych i formalnych.<\/p><p data-start=\"957\" data-end=\"1213\">W Quatri Pro rozumiemy, \u017ce dobra rozbi\u00f3rka to nie tylko si\u0142a, ale przede wszystkim <strong data-start=\"1040\" data-end=\"1075\">precyzja, plan i bezpiecze\u0144stwo<\/strong>.<br data-start=\"1076\" data-end=\"1079\" \/>Dlatego ka\u017cdy projekt traktujemy jak operacj\u0119 in\u017cyniersk\u0105 \u2013 zaplanowan\u0105, kontrolowan\u0105 i zako\u0144czon\u0105 czystym, gotowym do budowy terenem.<\/p><p data-start=\"1215\" data-end=\"1287\">Bo zanim powstanie co\u015b nowego \u2013 <strong data-start=\"1247\" data-end=\"1287\">trzeba dobrze zako\u0144czy\u0107 to, co by\u0142o.<\/strong><\/p><h3 data-start=\"1294\" data-end=\"1374\"><span style=\"color: #003366;\"><strong data-start=\"1298\" data-end=\"1374\">In\u017cynieria demonta\u017cu. Profesjonalne przygotowanie pod budow\u0119.<\/strong><\/span><\/h3><p data-start=\"1376\" data-end=\"1609\">Rozbi\u00f3rka w naszym wydaniu to proces techniczny, logistyczny i \u015brodowiskowy.<br data-start=\"1452\" data-end=\"1455\" \/>Pracujemy zar\u00f3wno na zewn\u0105trz, jak i wewn\u0105trz budynk\u00f3w, realizuj\u0105c zlecenia o r\u00f3\u017cnej skali \u2013 od ma\u0142ych adaptacji po du\u017ce obiekty przemys\u0142owe i komercyjne.<\/p><p data-start=\"1611\" data-end=\"1629\">Oferujemy m.in.:<\/p><ul data-start=\"1630\" data-end=\"2212\"><li data-start=\"1630\" data-end=\"1705\"><p data-start=\"1632\" data-end=\"1705\"><strong data-start=\"1632\" data-end=\"1702\">kompleksowe rozbi\u00f3rki budynk\u00f3w murowanych, \u017celbetowych i stalowych<\/strong>,<\/p><\/li><li data-start=\"1706\" data-end=\"1811\"><p data-start=\"1708\" data-end=\"1811\"><strong data-start=\"1708\" data-end=\"1808\">wyburzanie zabud\u00f3w wewn\u0119trznych w biurowcach, centrach handlowych, halach i obiektach us\u0142ugowych<\/strong>,<\/p><\/li><li data-start=\"1812\" data-end=\"1894\"><p data-start=\"1814\" data-end=\"1894\"><strong data-start=\"1814\" data-end=\"1891\">demonta\u017c instalacji, sufit\u00f3w, \u015bcian dzia\u0142owych i konstrukcji pomocniczych<\/strong>,<\/p><\/li><li data-start=\"1895\" data-end=\"1953\"><p data-start=\"1897\" data-end=\"1953\"><strong data-start=\"1897\" data-end=\"1950\">oczyszczanie i niwelacj\u0119 terenu pod now\u0105 zabudow\u0119<\/strong>,<\/p><\/li><li data-start=\"1954\" data-end=\"2055\"><p data-start=\"1956\" data-end=\"2055\"><strong data-start=\"1956\" data-end=\"2052\">wyw\u00f3z gruzu, segregacj\u0119 i utylizacj\u0119 odpad\u00f3w budowlanych zgodnie z przepisami \u015brodowiskowymi<\/strong>,<\/p><\/li><li data-start=\"2056\" data-end=\"2136\"><p data-start=\"2058\" data-end=\"2136\"><strong data-start=\"2058\" data-end=\"2133\">przygotowanie pod now\u0105 aran\u017cacj\u0119 wn\u0119trz \u2013 tzw. white box \/ shell &amp; core<\/strong>,<\/p><\/li><li data-start=\"2137\" data-end=\"2212\"><p data-start=\"2139\" data-end=\"2212\"><strong data-start=\"2139\" data-end=\"2209\">zabezpieczenie konstrukcji s\u0105siednich i prace w obiektach czynnych<\/strong>.<\/p><\/li><\/ul><p data-start=\"2214\" data-end=\"2424\">Ka\u017cdy etap poprzedzony jest analiz\u0105 techniczn\u0105, ocen\u0105 ryzyka i planem zabezpiecze\u0144.<br data-start=\"2297\" data-end=\"2300\" \/>Dzi\u0119ki temu mo\u017cesz mie\u0107 pewno\u015b\u0107, \u017ce rozbi\u00f3rka przebiegnie <strong data-start=\"2358\" data-end=\"2424\">czysto, bezpiecznie i w pe\u0142nej zgodzie z harmonogramem budowy.<\/strong><\/p><h3 data-start=\"2431\" data-end=\"2484\"><span style=\"color: #003366;\"><strong data-start=\"2435\" data-end=\"2484\">Trzy etapy kontroli i bezpiecze\u0144stwa<\/strong><\/span><\/h3><p data-start=\"2486\" data-end=\"2617\">W Quatri Pro proces rozbi\u00f3rkowy to <strong data-start=\"2521\" data-end=\"2552\">operacja pod pe\u0142n\u0105 kontrol\u0105<\/strong> \u2013 z planem, dokumentacj\u0105 i odpowiedzialnym nadzorem technicznym.<\/p><h4 data-start=\"2619\" data-end=\"2654\"><strong data-start=\"2624\" data-end=\"2654\">1\ufe0f\u20e3 Audyt i plan rozbi\u00f3rki<\/strong><\/h4><p data-start=\"2655\" data-end=\"2975\">Ka\u017cdy projekt rozpoczynamy od analizy technicznej obiektu lub terenu.<br data-start=\"2724\" data-end=\"2727\" \/>Przygotowujemy <strong data-start=\"2742\" data-end=\"2821\">plan rozbi\u00f3rki, projekt organizacji prac, harmonogram i plan bezpiecze\u0144stwa<\/strong>.<br data-start=\"2822\" data-end=\"2825\" \/>Uzgadniamy wszystkie formalno\u015bci \u2013 od zezwole\u0144 po odbiory \u015brodowiskowe.<br data-start=\"2896\" data-end=\"2899\" \/>Ju\u017c na tym etapie eliminujemy b\u0142\u0119dy, kt\u00f3re mog\u0142yby op\u00f3\u017ani\u0107 start inwestycji.<\/p><h4 data-start=\"2977\" data-end=\"3012\"><strong data-start=\"2982\" data-end=\"3012\">2\ufe0f\u20e3 Realizacja i logistyka<\/strong><\/h4><p data-start=\"3013\" data-end=\"3473\">Rozbi\u00f3rki wykonujemy z zachowaniem najwy\u017cszych standard\u00f3w bezpiecze\u0144stwa pracy i ochrony otoczenia.<br data-start=\"3112\" data-end=\"3115\" \/>Wykorzystujemy nowoczesny sprz\u0119t, maszyny wyburzeniowe, systemy filtracji i odkurzania py\u0142u, a w obiektach czynnych \u2013 specjalne procedury minimalizuj\u0105ce uci\u0105\u017cliwo\u015b\u0107 dla u\u017cytkownik\u00f3w.<br data-start=\"3297\" data-end=\"3300\" \/>Wszystko odbywa si\u0119 pod nadzorem <strong data-start=\"3333\" data-end=\"3384\">kierownika rob\u00f3t rozbi\u00f3rkowych i inspektora BHP<\/strong>.<br data-start=\"3385\" data-end=\"3388\" \/>Efekt? Przestrze\u0144 gotowa na nowe etapy projektu \u2013 bez zb\u0119dnych strat i niespodzianek.<\/p><h4 data-start=\"3475\" data-end=\"3510\"><strong data-start=\"3480\" data-end=\"3510\">3\ufe0f\u20e3 Porz\u0105dkowanie i odbi\u00f3r<\/strong><\/h4><p data-start=\"3511\" data-end=\"3848\">Po zako\u0144czeniu rozbi\u00f3rki przekazujemy teren w stanie uzgodnionym z inwestorem \u2013 oczyszczony, wyr\u00f3wnany, gotowy do dalszych prac.<br data-start=\"3639\" data-end=\"3642\" \/>Dostarczamy <strong data-start=\"3654\" data-end=\"3753\">kompletn\u0105 dokumentacj\u0119 powykonawcz\u0105, raport z utylizacji odpad\u00f3w, pomiary i protoko\u0142y odbiorowe<\/strong>.<br data-start=\"3754\" data-end=\"3757\" \/>Dzi\u0119ki temu inwestycja mo\u017ce ruszy\u0107 <strong data-start=\"3792\" data-end=\"3848\">bez op\u00f3\u017anie\u0144, z czystym gruntem i czystym sumieniem.<\/strong><\/p><h3 data-start=\"3855\" data-end=\"3940\"><span style=\"color: #003366;\"><strong data-start=\"3859\" data-end=\"3940\">Zr\u00f3b miejsce na nowy etap. Z nami to prostsze, szybsze i bezpieczne.<\/strong><\/span><\/h3><p data-start=\"3942\" data-end=\"4269\">Ka\u017cda rozbi\u00f3rka to pocz\u0105tek nowego rozdzia\u0142u inwestycji.<br data-start=\"3998\" data-end=\"4001\" \/>Nie ryzykuj z przypadkowymi wykonawcami \u2013 postaw na firm\u0119, kt\u00f3ra <strong data-start=\"4066\" data-end=\"4135\">rozumie konstrukcj\u0119, technologi\u0119 i logistyk\u0119 procesu budowlanego.<\/strong><br data-start=\"4135\" data-end=\"4138\" \/>Z Quatri Pro zyskujesz partnera, kt\u00f3ry rozbierze z precyzj\u0105 i przygotuje teren <strong data-start=\"4217\" data-end=\"4269\">gotowy do budowy, adaptacji lub nowej aran\u017cacji.<\/strong><\/p><p data-start=\"4271\" data-end=\"4413\">\ud83d\udc49 Skontaktuj si\u0119 z Quatri Pro<br data-start=\"4301\" data-end=\"4304\" \/>\ud83d\udc49 Zam\u00f3w audyt i wycen\u0119 rozbi\u00f3rki<br data-start=\"4337\" data-end=\"4340\" \/>\ud83d\udc49 Zyskaj pewno\u015b\u0107, \u017ce Twoja inwestycja zaczyna si\u0119 od czystego pocz\u0105tku<\/p><h3 data-start=\"4420\" data-end=\"4448\"><span style=\"color: #003366;\"><strong data-start=\"4424\" data-end=\"4448\">Dlaczego Quatri Pro?<\/strong><\/span><\/h3><p data-start=\"4450\" data-end=\"4659\">Bo rozbi\u00f3rka to nie destrukcja \u2013 to <strong data-start=\"4486\" data-end=\"4511\">pocz\u0105tek nowego etapu<\/strong>.<br data-start=\"4512\" data-end=\"4515\" \/>Dzia\u0142amy z planem, nie z m\u0142otem.<br data-start=\"4550\" data-end=\"4553\" \/>\u0141\u0105czymy do\u015bwiadczenie budowlane, techniczne zaplecze i odpowiedzialno\u015b\u0107 wobec inwestora i \u015brodowiska.<\/p><h5 data-start=\"4661\" data-end=\"4722\"><span style=\"color: #003366;\"><strong data-start=\"4661\" data-end=\"4722\">Quatri Pro \u2013 robimy miejsce, by mog\u0142o powsta\u0107 co\u015b nowego.<\/strong><\/span><\/h5>\t\t\t\t\t\t\t\t<\/div>\n\t\t\t\t\t<\/div>\n\t\t\t\t<\/div>\n\t\t<div class=\"elementor-element elementor-element-6f5b1a1 e-flex e-con-boxed e-con e-parent\" data-id=\"6f5b1a1\" data-element_type=\"container\" data-e-type=\"container\">\n\t\t\t\t\t<div class=\"e-con-inner\">\n\t\t\t\t<div class=\"elementor-element elementor-element-f8a1079 elementor-widget elementor-widget-text-editor\" data-id=\"f8a1079\" data-element_type=\"widget\" data-e-type=\"widget\" data-widget_type=\"text-editor.default\">\n\t\t\t\t\t\t\t\t\t<p><img decoding=\"async\" class=\"emoji\" role=\"img\" draggable=\"false\" src=\"https:\/\/s.w.org\/images\/core\/emoji\/17.0.2\/svg\/1f4de.svg\" alt=\"\ud83d\udcde\" \/>\u00a0<strong data-start=\"6208\" data-end=\"6220\">Telefon:<\/strong>\u00a0<span style=\"color: #003366;\"><strong data-start=\"5720\" data-end=\"5732\">+48 881 332 844<\/strong><\/span>\u00a0lub\u00a0<span style=\"color: #003366;\"><strong>+48 881 42 66 99<\/strong><\/span><br data-start=\"6248\" data-end=\"6251\" \/><img decoding=\"async\" class=\"emoji\" role=\"img\" draggable=\"false\" src=\"https:\/\/s.w.org\/images\/core\/emoji\/17.0.2\/svg\/1f4e7.svg\" alt=\"\ud83d\udce7\" \/>\u00a0<strong data-start=\"6254\" data-end=\"6265\">E-mail:<\/strong>\u00a0<span style=\"color: #003366;\"><strong data-start=\"5868\" data-end=\"5879\">biuro@quatripro.pl<\/strong><\/span><\/p>\t\t\t\t\t\t\t\t<\/div>\n\t\t\t\t\t<\/div>\n\t\t\t\t<\/div>\n\t\t<div class=\"elementor-element elementor-element-9a38bd2 e-flex e-con-boxed e-con e-parent\" data-id=\"9a38bd2\" data-element_type=\"container\" data-e-type=\"container\">\n\t\t\t\t\t<div class=\"e-con-inner\">\n\t\t\t\t<div class=\"elementor-element elementor-element-e091186 elementor-widget elementor-widget-heading\" data-id=\"e091186\" data-element_type=\"widget\" data-e-type=\"widget\" data-widget_type=\"heading.default\">\n\t\t\t\t\t<h4 class=\"elementor-heading-title elementor-size-default\">Mo\u017cesz r\u00f3wnie\u017c wype\u0142ni\u0107 poni\u017cszy formularz<\/h4>\t\t\t\t<\/div>\n\t\t\t\t\t<\/div>\n\t\t\t\t<\/div>\n\t\t<div class=\"elementor-element elementor-element-43e140f e-flex e-con-boxed e-con e-parent\" data-id=\"43e140f\" data-element_type=\"container\" data-e-type=\"container\">\n\t\t\t\t\t<div class=\"e-con-inner\">\n\t\t\t\t<div class=\"elementor-element elementor-element-607d1b2 elementor-widget elementor-widget-html\" data-id=\"607d1b2\" data-element_type=\"widget\" data-e-type=\"widget\" data-widget_type=\"html.default\">\n\t\t\t\t\t\n<div class=\"wpcf7 no-js\" id=\"wpcf7-f43-o1\" lang=\"pl-PL\" dir=\"ltr\" data-wpcf7-id=\"43\">\n<div class=\"screen-reader-response\"><p role=\"status\" aria-live=\"polite\" aria-atomic=\"true\"><\/p> <ul><\/ul><\/div>\n<form action=\"\/index.php?rest_route=%2Fwp%2Fv2%2Fpages%2F517#wpcf7-f43-o1\" method=\"post\" class=\"wpcf7-form init\" aria-label=\"Formularz kontaktowy\" novalidate=\"novalidate\" data-status=\"init\">\n<fieldset class=\"hidden-fields-container\"><input type=\"hidden\" name=\"_wpcf7\" value=\"43\" \/><input type=\"hidden\" name=\"_wpcf7_version\" value=\"6.1.5\" \/><input type=\"hidden\" name=\"_wpcf7_locale\" value=\"pl_PL\" \/><input type=\"hidden\" name=\"_wpcf7_unit_tag\" value=\"wpcf7-f43-o1\" \/><input type=\"hidden\" name=\"_wpcf7_container_post\" value=\"0\" \/><input type=\"hidden\" name=\"_wpcf7_posted_data_hash\" value=\"\" \/>\n<\/fieldset>\n<p><label> Twoje imi\u0119 i nazwisko<br \/>\n<span class=\"wpcf7-form-control-wrap\" data-name=\"your-name\"><input size=\"40\" maxlength=\"400\" class=\"wpcf7-form-control wpcf7-text wpcf7-validates-as-required\" autocomplete=\"name\" aria-required=\"true\" aria-invalid=\"false\" value=\"\" type=\"text\" name=\"your-name\" \/><\/span> <\/label>\n<\/p>\n<p><label> Tw\u00f3j adres e-mail<br \/>\n<span class=\"wpcf7-form-control-wrap\" data-name=\"your-email\"><input size=\"40\" maxlength=\"400\" class=\"wpcf7-form-control wpcf7-email wpcf7-validates-as-required wpcf7-text wpcf7-validates-as-email\" autocomplete=\"email\" aria-required=\"true\" aria-invalid=\"false\" value=\"\" type=\"email\" name=\"your-email\" \/><\/span> <\/label>\n<\/p>\n<p><label> Temat<br \/>\n<span class=\"wpcf7-form-control-wrap\" data-name=\"your-subject\"><input size=\"40\" maxlength=\"400\" class=\"wpcf7-form-control wpcf7-text wpcf7-validates-as-required\" aria-required=\"true\" aria-invalid=\"false\" value=\"\" type=\"text\" name=\"your-subject\" \/><\/span> <\/label>\n<\/p>\n<p><label> Twoja wiadomo\u015bci (opcjonalne)<br \/>\n<span class=\"wpcf7-form-control-wrap\" data-name=\"your-message\"><textarea cols=\"40\" rows=\"10\" maxlength=\"2000\" class=\"wpcf7-form-control wpcf7-textarea\" aria-invalid=\"false\" name=\"your-message\"><\/textarea><\/span> <\/label><br \/>\n<label><br \/>\nWysy\u0142aj\u0105c ten formularz wyra\u017casz zgod\u0119 na przetwarzanie danych osobowych na potrzeby realizacji obs\u0142ugi ze strony Quatri Pro Sp. z o.o.<\/label><br \/>\n<input class=\"wpcf7-form-control wpcf7-submit has-spinner\" type=\"submit\" value=\"Wy\u015blij\" \/>\n<\/p><p style=\"display: none !important;\" class=\"akismet-fields-container\" data-prefix=\"_wpcf7_ak_\"><label>&#916;<textarea name=\"_wpcf7_ak_hp_textarea\" cols=\"45\" rows=\"8\" maxlength=\"100\"><\/textarea><\/label><input type=\"hidden\" id=\"ak_js_1\" name=\"_wpcf7_ak_js\" value=\"220\"\/><script>document.getElementById( \"ak_js_1\" ).setAttribute( \"value\", ( new Date() ).getTime() );<\/script><\/p><div class=\"wpcf7-response-output\" aria-hidden=\"true\"><\/div>\n<\/form>\n<\/div>\n\t\t\t\t<\/div>\n\t\t\t\t\t<\/div>\n\t\t\t\t<\/div>\n\t\t\t\t<\/div>\n\t\t","protected":false},"excerpt":{"rendered":"<p>Rozbi\u00f3rki i przygotowanie terenu \u2013 czysta przestrze\u0144 dla nowych mo\u017cliwo\u015bci Zanim powstanie co\u015b nowego, trzeba zrobi\u0107 miejsce na przysz\u0142o\u015b\u0107 Ka\u017cda [&hellip;]<\/p>\n","protected":false},"author":1,"featured_media":0,"parent":0,"menu_order":0,"comment_status":"closed","ping_status":"closed","template":"","meta":{"_monsterinsights_skip_tracking":false,"_monsterinsights_sitenote_active":false,"_monsterinsights_sitenote_note":"","_monsterinsights_sitenote_category":0,"site-sidebar-layout":"no-sidebar","site-content-layout":"","ast-site-content-layout":"full-width-container","site-content-style":"default","site-sidebar-style":"default","ast-global-header-display":"","ast-banner-title-visibility":"","ast-main-header-display":"","ast-hfb-above-header-display":"","ast-hfb-below-header-display":"","ast-hfb-mobile-header-display":"","site-post-title":"disabled","ast-breadcrumbs-content":"","ast-featured-img":"disabled","footer-sml-layout":"","ast-disable-related-posts":"","theme-transparent-header-meta":"","adv-header-id-meta":"","stick-header-meta":"","header-above-stick-meta":"","header-main-stick-meta":"","header-below-stick-meta":"","astra-migrate-meta-layouts":"default","ast-page-background-enabled":"default","ast-page-background-meta":{"desktop":{"background-color":"var(--ast-global-color-5)","background-image":"","background-repeat":"repeat","background-position":"center center","background-size":"auto","background-attachment":"scroll","background-type":"","background-media":"","overlay-type":"","overlay-color":"","overlay-opacity":"","overlay-gradient":""},"tablet":{"background-color":"","background-image":"","background-repeat":"repeat","background-position":"center center","background-size":"auto","background-attachment":"scroll","background-type":"","background-media":"","overlay-type":"","overlay-color":"","overlay-opacity":"","overlay-gradient":""},"mobile":{"background-color":"","background-image":"","background-repeat":"repeat","background-position":"center center","background-size":"auto","background-attachment":"scroll","background-type":"","background-media":"","overlay-type":"","overlay-color":"","overlay-opacity":"","overlay-gradient":""}},"ast-content-background-meta":{"desktop":{"background-color":"var(--ast-global-color-4)","background-image":"","background-repeat":"repeat","background-position":"center center","background-size":"auto","background-attachment":"scroll","background-type":"","background-media":"","overlay-type":"","overlay-color":"","overlay-opacity":"","overlay-gradient":""},"tablet":{"background-color":"var(--ast-global-color-4)","background-image":"","background-repeat":"repeat","background-position":"center center","background-size":"auto","background-attachment":"scroll","background-type":"","background-media":"","overlay-type":"","overlay-color":"","overlay-opacity":"","overlay-gradient":""},"mobile":{"background-color":"var(--ast-global-color-4)","background-image":"","background-repeat":"repeat","background-position":"center center","background-size":"auto","background-attachment":"scroll","background-type":"","background-media":"","overlay-type":"","overlay-color":"","overlay-opacity":"","overlay-gradient":""}},"footnotes":""},"class_list":["post-517","page","type-page","status-publish","hentry"],"aioseo_notices":[],"_links":{"self":[{"href":"https:\/\/quatripro.pl\/index.php?rest_route=\/wp\/v2\/pages\/517","targetHints":{"allow":["GET"]}}],"collection":[{"href":"https:\/\/quatripro.pl\/index.php?rest_route=\/wp\/v2\/pages"}],"about":[{"href":"https:\/\/quatripro.pl\/index.php?rest_route=\/wp\/v2\/types\/page"}],"author":[{"embeddable":true,"href":"https:\/\/quatripro.pl\/index.php?rest_route=\/wp\/v2\/users\/1"}],"replies":[{"embeddable":true,"href":"https:\/\/quatripro.pl\/index.php?rest_route=%2Fwp%2Fv2%2Fcomments&post=517"}],"version-history":[{"count":4,"href":"https:\/\/quatripro.pl\/index.php?rest_route=\/wp\/v2\/pages\/517\/revisions"}],"predecessor-version":[{"id":522,"href":"https:\/\/quatripro.pl\/index.php?rest_route=\/wp\/v2\/pages\/517\/revisions\/522"}],"wp:attachment":[{"href":"https:\/\/quatripro.pl\/index.php?rest_route=%2Fwp%2Fv2%2Fmedia&parent=517"}],"curies":[{"name":"wp","href":"https:\/\/api.w.org\/{rel}","templated":true}]}}